8 + -193. Suppose -5*y - 2579 = -3*s, -c*y = s - 507 - 326. Is s prime?
True
Let t(z) = 791*z**2 - 787*z**2 + 6*z + 8*z - 91. Is t(10) composite?
False
Let b(x) = -98*x**3 + 10*x**2 - 4*x + 1. Suppose 6*i + 99 - 75 = 0. Is b(i) composite?
False
Let f(w) = 8*w + 6*w + 14*w - 12*w - w**2 - 10. Let h be f(15). Suppose -8*p + 2301 = -h*p. Is p prime?
False
Suppose -2*m = -3*m + 4. Let a be 17533/m + (-5)/20. Is (-4)/10 + a/45 a composite number?
False
Let o = -36689 - -119388. Is o composite?
False
Is ((-14974)/5*-2 - 2)*(-10)/(-4) prime?
True
Let x = -25572 - -62615. Is x a composite number?
True
Suppose -5*m + g = -3274086, 3*m + 31*g = 28*g + 1964448. Is m a composite number?
False
Suppose -13*h - 319 + 254 = 0. Is (((-20)/h)/(-4) - 4) + 22920 a composite number?
True
Let n(u) = u**3 + 34*u**2 + 65*u + 145. Is n(23) prime?
True
Suppose -34*d = 253152 - 4693178. Is d a composite number?
False
Let h = 69922 - 49799. Is h composite?
False
Let k(q) = -12*q + 47. Suppose 4*j - 3*g = 28, -3*j = 2*j + 3*g - 35. Suppose 5*a + j = -o, 3*o + o = 5*a - 53. Is k(o) composite?
False
Suppose -37*o = -81*o + 36*o + 2654392. Is o a prime number?
False
Let b = 1921 + 15818. Suppose 2*c + c + 4*y = b, 4*c - 23674 = 2*y. Is c a composite number?
True
Let a be 26584/(-12)*(-8 + -7). Suppose 0 = -0*s + s + 4*i - 16608, 2*s + i - a = 0. Is s/(2 - -2) - (-6)/(-2) a prime number?
False
Suppose 51*q - 33886529 - 7914046 - 17567454 = 0. Is q a prime number?
False
Let j(m) = -73*m**3 + 7*m**2 - 70*m + 139. Is j(-22) a prime number?
True
Let b(m) = 351914*m**2 - 18*m + 17. Is b(1) composite?
False
Let c(b) = 132204*b + 2695. Is c(3) composite?
True
Suppose 0 = -26*k + 32*k - 1758. Let f = k + -127. Is f a composite number?
True
Suppose h = -0 - 4, -1454 = -2*m - 4*h. Let t = m + -56. Is t prime?
False
Let v(r) = -45291*r - 529. Is v(-2) prime?
True
Suppose -4*z + z = 2*s - 26, -s = 3*z - 25. Let q be 1756/z + (-3)/(-6). Is q + (1 + -2)*-1 composite?
True
Let j(v) = v**3 + 7*v**2 - 14*v - 44. Let s be j(-8). Suppose 4*i + s*q = 1316, 0 = 10*q - 8*q + 4. Is i composite?
False
Is 2/(((-36)/27)/((-5626744)/12)) a composite number?
True
Suppose 5*h - 98469 = q + 4511, 4*h - 21*q - 82283 = 0. Is h composite?
True
Suppose -13*k = -14*k + 2. Suppose k*c + 32 = 4*g - 2*c, -2*c = -4*g + 24. Suppose 0*h + 4*h + 9221 = 5*t, 2*h + 7372 = g*t. Is t a composite number?
True
Let m be -4 + 4/((-4)/4)*-1. Suppose 5*n = 10, v - n - 11667 + 3916 = m. Is v a composite number?
False
Suppose -2*i = -3*i + 19. Suppose -i*w - 812 + 6379 = 0. Is w a prime number?
True
Let m(z) = -2095*z + 769. Is m(-4) a composite number?
True
Is 5/(-9) - 10452853068/(-9342) prime?
False
Suppose -160 = -3*f + 101. Let n = f + 22. Is n prime?
True
Let v(b) = -7*b + 41. Let h(x) = -2*x**2 + 13*x + 15. Let o be h(7). Let t be 87/(-3) + 24/o. Is v(t) a composite number?
False
Let f = 480588 + -244535. Is f composite?
False
Let o(r) = 27*r**2 + 3*r - 15. Let k be o(-5). Suppose k*w - 268101 = 636*w. Is w prime?
True
Let s(v) = v + 2. Let r be s(-6). Let p(k) = -4*k - 7. Let f be p(r). Suppose -f*y = -4*y - 410. Is y a prime number?
False
Let l = -49772 - -95569. Is l composite?
True
Suppose -8*o = -2*o + 816. Let b = 347 + o. Suppose b = 3*j - 1250. Is j composite?
False
Let g be -46 + 1 + (1 - (1 + 1)). Let p = -42 - g. Suppose p*x - 5*v = 533, v = -5*x + 4*v + 650. Is x a prime number?
True
Suppose -3*m + 4*l - 14 = 0, -m + 0*l - 2*l + 12 = 0. Suppose -2*s = -0*s. Suppose -2*d + m*i + 104 - 30 = s, -i = 5*d - 185. Is d prime?
True
Suppose -3*a + 333445 = -2*x, -a - 8658 = -3*x - 119818. Is a composite?
True
Let h(k) = 7*k + 19. Let w be h(-3). Let i be (6/w)/((-281)/70 - -4). Let u = i - 31. Is u a composite number?
False
Is ((72/(-27))/4)/((-4)/269034) composite?
False
Let x(g) = 49*g - 11. Let m be x(3). Suppose -f = -2, 0*s - 4*s - 4*f = m. Let d = s + 901. Is d a prime number?
False
Suppose 11*q - 15 = 6*q, -3*o = 4*q - 315897. Is o a prime number?
False
Let g be ((-5)/(-3) - 2)/(1/(-102)). Suppose -g*a = -28*a - 24618. Is a a prime number?
False
Let o(x) = -144993*x + 1460. Is o(-17) a composite number?
False
Let o be 0/((-26)/(-39)*3/2). Suppose -20*k + 7538 + 642 = o. Is k a prime number?
True
Suppose 271 + 1898 = 4*p + y, -4*p + y = -2167. Let b be 10/50*15 - 250. Let w = p + b. Is w composite?
True
Let n be (-33142)/8 - (-7)/(-28). Let t = n - -8932. Is t a prime number?
True
Let g = 16193 - -1710. Is g a composite number?
False
Suppose 0 = -737*b + 753*b - 60656. Is b a composite number?
True
Suppose 4*v = 2*c - 38, -3*v - 2*v - 3*c = 75. Let g be (5649/(-12))/((-3)/v). Let m = 2722 + g. Is m composite?
False
Suppose -5*t + p = 145, -p + 20 = -2*t - 35. Let f be (t/25)/((-2)/(-5)). Let u(w) = -19*w**3 - 4*w - 8. Is u(f) composite?
True
Let u(c) = 4*c**3 - 128*c**2 + 21*c + 39. Is u(40) a prime number?
False
Let l(d) = -188*d**3 - 5*d + 15. Let z be l(-3). Let x = 7467 - z. Is x composite?
True
Let v = 24 + -20. Suppose -v*a + 6 + 14 = 0. Suppose -2236 - 11979 = -a*c. Is c composite?
False
Suppose 40*r = 48*r - 24. Suppose -4*s + 3092 = -4*i, r*s - 12*i - 2287 = -17*i. Is s a prime number?
True
Let o(j) = -5*j**2 + 6*j - 11. Let y be o(2). Is ((-821)/(-2))/(((-228)/48)/y) a composite number?
True
Let j(u) = u**2 - 20*u - 54. Let p be j(22). Is (4365/18)/(p/(-4) - 2) a prime number?
False
Suppose -12244 = -8*n + 4*n. Suppose 4403 = 3*i + 2*a, 2818 = 4*i + a - n. Suppose r = 4*r + 2*j - 4413, -r + 3*j + i = 0. Is r prime?
True
Let a(w) = 23*w**2 - 3 + 0*w - 11*w + 15 + 1. Is a(3) composite?
True
Let w(a) = -a. Suppose 6 = -3*d, 3 = -2*c + 3*d + 7. Let x(n) = -115*n + 1. Let z(k) = c*w(k) - x(k). Is z(1) a composite number?
True
Let j be (38/(-12) - (-126)/36)*537. Suppose -p + 6*p + 10 = -4*u, -3*u - 2 = p. Is 5*j + (-3 - u) + 3 a composite number?
True
Let s = 16623 - 11242. Is s a composite number?
False
Let r(j) = 348*j**2 - 19*j - 3. Suppose -38*h + 40*h = -20. Is r(h) composite?
True
Suppose -5*i - 15 + 71 = 4*m, -5*m + 28 = i. Is (-14)/i - -1 - (-49075)/20 composite?
True
Suppose -r - 1 = 0, -2*b + 5*r - 21 = -0*b. Let u(d) = 17*d**2 - 13*d + 23. Is u(b) prime?
False
Let x = -17107 + 40014. Is x a composite number?
False
Let r = -323 - -349. Suppose 98225 = -21*a + r*a. Is a composite?
True
Let f(q) = -q - 2. Let t(g) = -3*g**2 - g - 29. Let v(w) = 6*f(w) - t(w). Is v(12) a prime number?
True
Suppose -1 = -5*v + 3*z + 39, z + 20 = 3*v. Suppose 4*o - 6730 = -3*h, 0*h - 10 = -v*h. Is o a composite number?
True
Suppose 0 = 5*k - k - 12. Suppose 4*q - 20 = k*i, q - 6 = -2*i - 1. Suppose 0 = x - 0*x - 2, -3*s + 1219 = q*x. Is s composite?
True
Suppose -w = 2*o - 31, 3*w + 0*w = -5*o + 79. Suppose -o*z + 20*z = 6246. Is z a prime number?
False
Let t be (-35)/(-10)*(30/21 + -2). Is (t + (-15258)/24)/((-1)/4) prime?
True
Suppose 37*l - 39*l = -30. Suppose l*u - 2090 = 5*u. Is u a prime number?
False
Let f be (-124)/(-2) + 2/1. Let n be (-1)/4 - (-272)/f. Suppose n*a + 385 = 9*a. Is a a composite number?
True
Let o = -402 + 268. Let b = o + 187. Suppose h = 326 + b. Is h composite?
False
Let y(d) = 229333*d - 3076. Is y(3) a composite number?
False
Suppose b - 101286 = -2*b + 4*g, -4*b = -g - 135061. Let c = -15993 + b. Is c a prime number?
False
Let b be (-12)/(-168)*1725226 + 8/14. Suppose 109*c + b = 112*c. Is c prime?
True
Let w = -677549 + 1179942. Is w composite?
False
Let o = 434090 + -159961. Is o composite?
True
Let m = 3922250 + -2335393. Is m composite?
False
Let q be (-2)/7 - 378098/(-49). Is (2 + -2 - (4 - 5)) + q composite?
False
Let m = 814820 - -233921. Is m a prime number?
False
Let r(q) = -q. Let b(v) = 216*v + 43. Let d(x) = 108*x + 21. Let i(t) = 4*b(t) - 9*d(t). Let m(p) = i(p) + 2*r(p). Is m(-7) prime?
False
Let b(l) = 3*l**3 - 5*l**2 + 8*l + 29. Is b(14) prime?
True
Let w = -10666 + 18662. Suppose o + 5*m + w = 3*o, 0 = 4*o + m - 15948. Suppose p + 3*p - o = 0. Is p a prime number?
True
Suppose 4*u = -5*h + 2*h - 22, -5*h - 3*u = 33. Let t(c) be the third derivative of -45*c**4/4 + 37*c**3/6 - c**2 - 39*c. Is t(h) composite?
False
Let l = 13616 - 9474. Is (-4)/(-48)*8 - l/(-6) prime?
True
Suppose u + 79 = 2*k, 0 = -k + 1 - 6. Let l = u - -92. Suppose -9*o + l*o + 6906 = 0. Is o a prime